uppose 6*c - 522 = -14*q + 10*q, 0 = -2*q - c + 267. What is the highest common divisor of 24 and q?
3
Let w(l) = 171*l - 1260. Let z be w(8). Calculate the greatest common factor of z and 84.
12
Suppose -a + 5*d = 12, 3*a - 6*d - 6 = -5*d. Let r = -4191 - -4194. What is the highest common divisor of a and r?
3
Suppose 5 = j - 19. Let r be ((-100)/(-16) - 4)*j. Calculate the highest common divisor of 27 and r.
27
Suppose i + 4*i = f + 35, 31 = 2*i + 3*f. Let t = i + 1. Suppose 5 = 2*o - t. What is the greatest common factor of o and 56?
7
Let h = -6 - -14. Let z(y) = -y**2 + 10*y - 13. Let i be z(h). Suppose f + 3*j - 15 = -1, 66 = i*f + 3*j. What is the greatest common factor of 26 and f?
26
Let h(p) = 28*p**2 - 5*p - 5. Let r be h(-2). Suppose -49*z = -48*z - r. Calculate the highest common factor of z and 9.
9
Let m = -109 - -118. Suppose 0 = 6*v - 2*v - 2*q - 262, -4*v + 232 = 4*q. What is the greatest common factor of v and m?
9
Suppose -20*p - 315 + 1675 = 0. Calculate the highest common divisor of p and 306.
34
Let a = -2907 - -2936. Let u(h) = -h**3 + 3*h**2 + 4*h + 4. Let s be u(4). Suppose s*x - 2*x = 116. What is the greatest common factor of a and x?
29
Let l(v) = v**2 - 23*v - 49. Let k be l(22). Let b = k + 92. What is the greatest common factor of 6 and b?
3
Let n(w) = 4*w - 14. Let u be n(5). Calculate the highest common factor of u and 4.
2
Let f(k) = k**2 - 8*k - 2. Let b be f(8). Let p = 0 - b. Suppose -p*x - 3*n = -0*x - 125, -4*x = -4*n - 300. Calculate the highest common factor of x and 10.
10
Suppose f + 1598 = 4*v + 3*f, 4*v - 5*f = 1605. Suppose -2*r + 55 + 45 = 0. What is the highest common divisor of v and r?
50
Let y(k) = 3*k**2 - 2*k. Let a be y(-3). Let r = a + -22. What is the highest common factor of r and 33?
11
Let b be (-754)/(-28) - (-18)/252. What is the highest common factor of b and 27?
27
Suppose 4*g - 17 = -1. Suppose g*y - y - 216 = 0. Suppose -4*u + y = -3*n - n, -6 = u + 5*n. What is the greatest common factor of u and 2?
2
Suppose -907 = 11*u - 4053. What is the highest common factor of 26 and u?
26
Let n be (1 - 8/(-4)) + 3. What is the highest common divisor of 10 and n?
2
Suppose -4*k + 7 = -5. Suppose -u + 22 = -4*d, 2*u - 5*d - 14 = k*u. Suppose -u*s + 63 = -3*s. What is the highest common factor of s and 231?
21
Let u(f) = 24*f + 962. Let v be u(-40). Let k(w) = -w**3 + w**2 - w + 16. Let r be k(0). Calculate the highest common factor of v and r.
2
Suppose 0 = -2*j + 7*x - 6*x + 357, -156 = -j - 4*x. What is the greatest common factor of 187 and j?
11
Suppose z = 259 + 194. Suppose -5*s + z = 13. Calculate the highest common divisor of 11 and s.
11
Suppose 3*k = -k + 4. Suppose -d = -5 + k. Let q = 19 - 7. Calculate the greatest common divisor of d and q.
4
Let q be ((-51)/(-85) + (-1)/10)*216. Calculate the greatest common factor of 144 and q.
36
Let a be 4088/68 + (-32)/272. Calculate the highest common divisor of 1620 and a.
60
Suppose 3*h - 10 = 83. Let r(c) = 10*c - 156 + 143 + c**2 + 0*c. Let v be r(5). Calculate the highest common divisor of h and v.
31
Let g(q) = 35*q + 2. Let i = -43 - -45. Let w be g(i). Calculate the greatest common divisor of 48 and w.
24
Let w(x) = x**3 + 5*x**2 - 4*x - 22. Let q be w(-3). Calculate the greatest common factor of 104 and q.
8
Let d(i) = -i**2 + i + 42. Let s be d(0). Suppose -308 = 18*a - 29*a. What is the highest common divisor of a and s?
14
Let d(a) = -a**2 + 19*a - 37. Let i be d(13). What is the highest common divisor of i and 574?
41
Suppose 0 = 12*g - 16*g - 60. Let d be 610/(-75) - 2/g. Let y = 1 - d. Calculate the greatest common factor of y and 1.
1
Let f = -34 - -39. Suppose -f*w + 6 = s - 6, s = -3*w + 6. What is the greatest common factor of w and 3?
3
Let h(d) = -5*d**3 - 2*d**2 - d. Let q = 16 - 17. Let y be h(q). Suppose -18*m = -21*m + 96. Calculate the highest common divisor of y and m.
4
Let f = 11 - 3. Let x be 40/(1 + 9 + -9). Calculate the highest common factor of f and x.
8
Let o = 35 - 21. Let t(m) = 3*m - 5. Let r be t(3). Suppose -u + 164 = r*l, -4*u + 3*u = -5*l + 214. What is the greatest common divisor of l and o?
14
Suppose -2*h - 10 = 4*w, 2*h - 5 = 2*w + 15. Suppose 0 = -4*v - 2*y - 2*y, -3*v = 4*y - 2. Let l = v - w. Calculate the highest common factor of 1 and l.
1
Let u(j) = j**2 - 12*j + 27. Let o be u(9). Suppose -3 + o = -3*v. Calculate the greatest common divisor of 1 and v.
1
Suppose -10*j + 570 + 70 = 0. Calculate the highest common factor of j and 704.
64
Let w(d) = 44*d**2 + d + 1. Let o be w(-1). What is the highest common factor of o and 836?
44
Suppose 7*x + 13*x = 860. Calculate the highest common factor of 688 and x.
43
Let a(l) = -3*l**2 + l + 4. Let o be a(2). Let h be (6/(-9))/(o/(-63)). Let t = h - -12. Calculate the highest common factor of t and 5.
5
Let f(d) = -d**3 - 30*d - 100. Let u be f(-3). Calculate the greatest common divisor of 544 and u.
17
Let n = -16 + 16. Let a be (n - (-5 - 2)) + -4. Suppose a + 11 = i. Calculate the greatest common divisor of 21 and i.
7
Suppose 3*i + 0*i - 5*g = 691, 0 = -2*i + 3*g + 461. Let f = i + -176. Calculate the greatest common divisor of f and 112.
56
Suppose -430 = -1968*o + 1963*o. Calculate the greatest common divisor of 129 and o.
43
Let j = -5 - -9. Let z = 9 + -5. Let k be z*(-3 + 33/6). Calculate the highest common divisor of j and k.
2
Let g be 5*4*6/8. Calculate the greatest common factor of g and 240.
15
Suppose 0 = -193*a + 71*a + 7076. Suppose -2*h + 6*h = 116. What is the greatest common factor of a and h?
29
Let s = 198 + -196. Suppose 0*k + 5*f - 6 = -k, 0 = k + 3*f - 6. What is the highest common divisor of s and k?
2
Let u be (0 + 7 - 10)*-21. What is the highest common factor of 14 and u?
7
Suppose 0 = -v - 3*v + 24. Let j be -1 - -2*9/v. Suppose 0 = j*c - 75 - 39. Calculate the highest common factor of 38 and c.
19
Let k be 24/(-72) + 1/(-3)*-2461. What is the greatest common factor of 20 and k?
20
Let o be -3 - (-3 - 4) - 1. Suppose -3*y - o*y + 168 = 0. Calculate the highest common divisor of 14 and y.
14
Let i(q) = 3*q - 21. Let s be i(28). Let x(c) = -c**2 - c + 9. Let r be x(0). What is the greatest common divisor of s and r?
9
Let j(n) = 6*n**3 - 2*n**2 - n - 1. Let y be j(2). Suppose -y + 16 = -3*t. Calculate the greatest common divisor of t and 2.
1
Let i(m) = -2*m - 3 + 3*m**2 - 3 + 9 - 1. Let z be i(6). Let k = z + -28. What is the greatest common divisor of 28 and k?
14
Let b = -261 + 405. Let o(a) = a. Let f(y) = 8*y + 4. Let r(m) = -2*f(m) + 20*o(m). Let u be r(6). Calculate the greatest common factor of u and b.
16
Let n(c) = -c**3 + 9*c**2 - 3*c + 5. Let v be n(6). Calculate the greatest common divisor of 855 and v.
95
Suppose 6*g - 171 + 93 = 258. Suppose -t = 4*t - 40. What is the highest common factor of g and t?
8
Let j(i) be the second derivative of -9*i - 7/12*i**4 + 0*i**2 + 7/6*i**3 - 1/20*i**5 + 0. Let t be j(-8). What is the greatest common divisor of t and 32?
8
Suppose 0 = 5*z - 12 + 7, n - 14 = 4*z. Suppose 1 = -2*p + 109. Calculate the greatest common divisor of n and p.
18
Let k be -7 - (-46 + -4 - -3). Let b(c) = c**3 - 9*c**2 + 5*c - 5. Let a be b(9). Calculate the highest common factor of k and a.
40
Let z(t) be the first derivative of -t**4/4 + 7*t**3/3 + 5*t**2 + 2*t - 8. Let r be z(8). Calculate the highest common divisor of r and 18.
18
Suppose 0 = -3*o + 42 - 12. Let s be o + (-3)/((-3)/(-2)). Suppose h = -s*h + 117. What is the highest common divisor of 26 and h?
13
Suppose -3*k + 0 + 6 = 0. Let v be (-59)/(-4) - k/(-8). Let l = 17597 - 17432. What is the greatest common factor of v and l?
15
Let t(h) = -2*h**2 - 3*h**2 + 2*h**3 - 7 - 3*h - 3*h**3. Let p be t(-5). What is the highest common divisor of 8 and p?
8
Let f be 1/(-4) - (-11)/(220/1365). Calculate the highest common divisor of f and 2380.
68
Suppose -15 = 4*t - 11. Let m be (t/(-2))/((-2)/(-96)). Calculate the highest common factor of 60 and m.
12
Let z(n) = -n**2 - 12*n - 5. Let d be z(-11). Let q(k) = 6*k**2 - 2 - 2*k + 11 - 5 + 8. Let j be q(d). Calculate the greatest common factor of j and 24.
24
Suppose -2*o - k = k - 308, 3*k + 778 = 5*o. What is the greatest common divisor of 10 and o?
5
Suppose -f + 549 = 344. Calculate the 